 to base 12
-10a22
2332 (base 7) to base 14
452
Convert -2142 (base 6) to base 7.
-1304
1000001010100010 (base 2) to base 14
c28a
Convert -32524 (base 6) to base 2.
-1000110100100
What is -1180 (base 11) in base 15?
-6ca
What is 111101011010 (base 2) in base 12?
2336
What is 102 (base 3) in base 8?
13
What is -1220002011 (base 3) in base 11?
-25a82
What is 379 (base 15) in base 11?
658
What is -351 (base 11) in base 16?
-1a3
Convert 611 (base 10) to base 8.
1143
Convert -34a0 (base 13) to base 8.
-16345
-307 (base 10) to base 7
-616
Convert -4001 (base 7) to base 2.
-10101011101
Convert b08 (base 13) to base 15.
847
-24340 (base 5) to base 7
-5244
Convert 616 (base 7) to base 12.
217
What is 1222314 (base 5) in base 10?
23459
What is 1310 (base 7) in base 16?
1f1
-101000011011 (base 2) to base 15
-b77
What is 644 (base 16) in base 13?
965
d57 (base 14) to base 7
10440
What is 7202 (base 10) in base 2?
1110000100010
What is -720 (base 9) in base 5?
-4320
What is 2155 (base 7) in base 13?
478
What is 7113 (base 9) in base 5?
131241
19967 (base 11) to base 4
12302012
Convert 737 (base 12) to base 9.
1387
What is -1357 (base 8) in base 13?
-45a
Convert 25151 (base 6) to base 14.
1511
What is a04 (base 12) in base 6?
10404
251 (base 15) to base 14
298
What is 155 (base 6) in base 12?
5b
275 (base 13) to base 6
2002
What is -112100 (base 3) in base 7?
-1062
What is -85 (base 9) in base 3?
-2212
Convert 1566 (base 7) to base 11.
529
-30646 (base 7) to base 4
-1311223
Convert -a89 (base 16) to base 6.
-20253
Convert -44121 (base 6) to base 16.
-17d1
14657 (base 9) to base 14
3915
3ec3 (base 15) to base 14
4c94
-10300101 (base 4) to base 10
-19473
What is -2194 (base 10) in base 9?
-3007
What is 4 (base 8) in base 10?
4
20407 (base 11) to base 4
13101031
-2269 (base 10) to base 14
-b81
What is -725 (base 11) in base 8?
-1552
Convert -6560 (base 14) to base 2.
-100010001111000
What is -559b (base 15) in base 10?
-18146
Convert 10780 (base 11) to base 6.
200040
Convert 905 (base 10) to base 15.
405
What is -13334 (base 5) in base 11?
-905
-3515 (base 6) to base 13
-4c7
Convert 101123 (base 4) to base 12.
78b
Convert 2202 (base 4) to base 2.
10100010
1880a (base 11) to base 10
26267
Convert 25c1 (base 15) to base 3.
102001101
467 (base 13) to base 6
3305
What is 10111101000 (base 2) in base 13?
8c4
Convert -a19 (base 11) to base 10.
-1230
1c (base 16) to base 13
22
What is 12211 (base 5) in base 6?
4151
-11121120 (base 3) to base 15
-ee3
-3060 (base 7) to base 13
-645
What is -2592 (base 11) in base 7?
-12551
What is -1026c (base 14) in base 4?
-21133320
What is 361 (base 11) in base 6?
1554
What is 3203331 (base 4) in base 15?
44c9
Convert -103662 (base 7) to base 13.
-8370
Convert 3ea (base 15) to base 7.
2416
What is -2026 (base 7) in base 4?
-23002
What is -173 (base 11) in base 6?
-533
-20212110 (base 3) to base 12
-2a93
What is -15659 (base 11) in base 4?
-11121012
Convert 5626 (base 8) to base 2.
101110010110
Convert -100011100000 (base 2) to base 15.
-a17
4a1 (base 15) to base 16
41b
42502 (base 6) to base 7
22622
3730 (base 9) to base 3
10211000
-19a (base 12) to base 16
-106
Convert -568 (base 12) to base 13.
-497
Convert -11110122 (base 3) to base 11.
-24a1
-6d1b (base 14) to base 12
-b025
Convert 18a2 (base 13) to base 10.
3681
Convert -2002231 (base 4) to base 13.
-3a66
What is 89a (base 15) in base 10?
1945
What is 211020 (base 3) in base 2?
1001011000
What is -2391 (base 16) in base 7?
-35355
-1521 (base 9) to base 15
-51d
Convert -2169 (base 13) to base 7.
-16362
Convert 14141 (base 7) to base 2.
111100001011
What is -2642 (base 10) in base 13?
-1283
What is 2311 (base 6) in base 10?
547
Convert -683b (base 16) to base 7.
-140536
Convert -352 (base 15) to base 2.
-1011110000
What is 2020120122 (base 3) in base 10?
44162
Convert 122 (base 11) to base 13.
b2
What is 341413 (base 5) in base 13?
5685
2001220 (base 4) to base 13
3a12
What is -869 (base 10) in base 7?
-2351
Convert 1eaa (base 15) to base 5.
203220
1421 (base 8) to base 13
485
21251 (base 6) to base 9
3884
101001110010 (base 2) to base 9
3601
23bb1 (base 12) to base 15
e4ed
60550 (base 8) to base 4
12011220
What is a90 (base 11) in base 6?
10021
-39655 (base 10) to base 15
-bb3a
What is -105465 (base 7) in base 3?
-221202000
Convert 3980 (base 10) to base 7.
14414
Convert 166c (base 15) to base 8.
11333
1487 (base 16) to base 15
1855
276 (base 11) to base 4
11011
Convert -366060 (base 7) to base 3.
-10101210210
What is fe (base 16) in base 3?
100102
Convert 5678 (base 9) to base 3.
12202122
-12121023 (base 4) to base 14
-9787
2332321 (base 4) to base 12
70a1
What is 143351 (base 7) in base 15?
82b8
What is -7d38 (base 16) in base 13?
-1178b
What is 37446 (base 9) in base 7?
133221
What is 200110 (base 4) in base 7?
6013
What is -611 (base 7) in base 5?
-2202
Convert -12022 (base 4) to base 7.
-1102
31101 (base 7) to base 13
35c4
Convert -24646 (base 8) to base 11.
-8013
Convert -455 (base 14) to base 10.
-859
Convert -778 (base 10) to base 12.
-54a
Convert b55 (base 15) to base 10.
2555
Convert 10400 (base 5) to base 16.
2d5
What is -17210 (base 12) in base 3?
-1200110010
What is -2365 (base 11) in base 2?
-110000011000
What is -8801 (base 12) in base 9?
-22481
What is -712 (base 10) in base 2?
-1011001000
What is -151302 (base 6) in base 2?
-11100011110110
-110a (base 15) to base 2
-111000011010
659 (base 10) to base 3
220102
What is -1415 (base 9) in base 4?
-100223
Convert -4e5 (base 15) to base 6.
-5055
What is 5976 (base 16) in base 15?
6bbc
-ac (base 16) to base 7
-334
What is -7662 (base 13) in base 12?
-9649
What is -13211 (base 4) in base 11?
-401
Convert -3aa (base 11) to base 13.
-2b2
Convert 110111111 (base 2) to base 7.
1206
What is 10000111 (base 2) in base 13?
a5
What is -786 (base 10) in base 6?
-3350
Convert -43665 (base 7) to base 13.
-4cc2
Convert -11000100011 (base 2) to base 13.
-93b
-16f6 (base 16) to base 5
-142003
Convert -2310 (base 5) to base 14.
-198
Convert -2020211 (base 4) to base 6.
-104245
-3aa02 (base 11) to base 5
-3332240
Convert -17855 (base 9) to base 2.
-11000001001010
Convert 59c (base 13) to base 3.
1100002
10110010011010 (base 2) to base 8
26232
-141001 (base 6) to base 14
-4b33
What is 3237 (base 14) in base 6?
104053
-93c8 (base 13) to base 8
-47734
What is 15444 (base 8) in base 4?
1230210
What is 2dac (base 16) in base 5?
333232
What is -17f (base 16) in base 6?
-1435
-1a8b (base 12) to base 2
-110011001011
Convert -3b3e (base 15) to base 12.
-73ab
What is -1b7 (base 16) in base 4?
-12313
Convert -104 (base 13) to base 15.
-b8
What is 4463 (base 7) in base 11?
1237
Convert 1010 (base 3) to base 9.
33
Convert 672 (base 9) to base 6.
2315
Convert b5 (base 14) to base 3.
12220
Convert 3d4b (base 16) to base 5.
1000231
What is -110101101101010 (base 2) in base 10?
-27498
What is 100100110010101 (base 2) in base 8?
44625
-60050 (base 7) to base 10
-14441
What is 15459 (base 10) in base 3?
210012120
586a (base 12) to base 13
4657
What is 6445 (base 8) in base 9?
4548
3832 (base 10) to base 13
198a
-140226 (base 7) to base 3
-1100101120
What is 433c (base 14) in base 12?
6882
10164 (base 12) to base 11
14821
What is -20000 (base 4) in base 16?
-200
What is -41103 (base 5) in base 9?
-3567
Convert -3122 (base 7) to base 9.
-1445
What is -2110333 (base 4) in base 8?
-22477
3638 (base 10) to base 5
104023
Convert -33c (base 16) to base 9.
-1120
1012023 (base 5) to base 3
211122121
What is -24014 (base 5) in base 11?
-135a
-3211 (base 6) to base 9
-887
213001 (base 5) to base 9
10846
Convert -1d36 (base 16) to base 11.
-5689
Convert -b1 (base 15) to base 11.
-141
What is -15c (base 13) in base 10?
-246
What is 10331 (base 4) in base 14?
189
2210002 (base 3) to base 12
120b
-3337 (base 16) to base 8
-31467
What is -477 (base 9) in base 15?
-1b4
What is -2514 (base 6) in base 12?
-43a
Convert -172 (base 8) to base 10.
-122
35c (base 14) to base 3
220211
What is -5845 (base 11) in base 12?
-4534
-a722 (base 13) to base 6
-255153
Convert -93d9 (base 15) to base 5.
-2000004
Convert -2301 (base 4) to base 3.
-20120
What is -503 (base 12) in base 10?
-723
-873 (base 13) to base 11
-10a5
What is 30433 (base 6) in base 2?
111111010101
Convert -111221